ite number?
False
Is 16304325423 a prime number?
False
Is 108622770589 a composite number?
False
Is 8961060781 prime?
True
Is 1355449963 a prime number?
False
Is 23074363091 prime?
False
Is 385330413971 a composite number?
False
Is 251102911 composite?
True
Is 116573868221 a prime number?
False
Is 9976930079 a prime number?
True
Is 3342532097 prime?
False
Is 46477520809 a composite number?
False
Is 2241404987 a composite number?
False
Is 184711090633 a prime number?
False
Is 19940290439 prime?
True
Is 74337232583 composite?
False
Is 2998553377 a composite number?
False
Is 451656659 a composite number?
False
Is 2854432561 a prime number?
False
Is 1140853379 a composite number?
False
Is 694757341 a prime number?
False
Is 798398021 a prime number?
True
Is 18038686397 a composite number?
False
Is 1984883789 a composite number?
True
Is 789937619 a composite number?
False
Is 26840413241 a composite number?
False
Is 1154246659 prime?
False
Is 1574522909 prime?
False
Is 39071258546 prime?
False
Is 401636057 a composite number?
False
Is 1215505051 a composite number?
False
Is 9068955823 a composite number?
False
Is 42201311263 a prime number?
False
Is 2245023631 a prime number?
True
Is 263154603 prime?
False
Is 1699217659 prime?
False
Is 586772873 a composite number?
False
Is 4578414739 composite?
True
Is 947035543 a composite number?
True
Is 5426755639 a prime number?
True
Is 5055095789 a prime number?
True
Is 15950382793 composite?
True
Is 80422301 composite?
False
Is 13351272481 composite?
False
Is 404888173 prime?
True
Is 2100558679 a composite number?
False
Is 754463249 a composite number?
True
Is 7121364823 prime?
False
Is 31231939831 prime?
True
Is 948470374 a prime number?
False
Is 116419051097 a prime number?
True
Is 51789881551 prime?
False
Is 44415479 a prime number?
True
Is 11795464579 a composite number?
False
Is 57269182457 composite?
True
Is 10124763407 composite?
True
Is 29336877247 prime?
True
Is 10386297433 a composite number?
False
Is 637739383 prime?
True
Is 64862737571 a prime number?
True
Is 2389557959 a prime number?
False
Is 91343768843 a composite number?
False
Is 54412093 composite?
True
Is 24189931159 a prime number?
False
Is 893409719 composite?
False
Is 203355757 a prime number?
False
Is 94945239689 a composite number?
False
Is 4767471491 prime?
True
Is 2491997107 composite?
True
Is 10566859885 a prime number?
False
Is 315127649 composite?
False
Is 816490259 a composite number?
True
Is 161975939 a prime number?
True
Is 1403061637 a prime number?
False
Is 1262681143 prime?
False
Is 589129483 a composite number?
True
Is 137220750149 prime?
False
Is 20677282723 prime?
False
Is 8135740147 composite?
False
Is 54446779 a composite number?
True
Is 1027425887 a prime number?
False
Is 2591822603 prime?
True
Is 1893771874 prime?
False
Is 2534459503 a prime number?
True
Is 1174612007 composite?
True
Is 371704829 composite?
False
Is 816825449 composite?
True
Is 9880147021 composite?
True
Is 9017644981 a composite number?
False
Is 1866843059 a prime number?
True
Is 184094651479 a composite number?
False
Is 303340087 a composite number?
True
Is 16603777517 a composite number?
False
Is 17040941 a composite number?
True
Is 979818079 prime?
True
Is 8396941271 prime?
False
Is 555242543 composite?
False
Is 392734633 prime?
False
Is 11078707681 prime?
False
Is 1700918699 composite?
False
Is 3415582439 a composite number?
False
Is 1120156217 a composite number?
True
Is 319372187 a composite number?
False
Is 971371151 prime?
False
Is 9786933077 a prime number?
True
Is 231150542471 composite?
False
Is 1128658837 composite?
True
Is 157579627 prime?
True
Is 18717759209 prime?
True
Is 43214162 a composite number?
True
Is 32451569 a composite number?
False
Is 302063521 a prime number?
False
Is 56224736047 a prime number?
True
Is 67880581 prime?
False
Is 9519015893 prime?
True
Is 8953520003 composite?
False
Is 2875324357 prime?
True
Is 6512724989 composite?
True
Is 957689743 a composite number?
False
Is 1242258307 a prime number?
True
Is 226222019 a prime number?
True
Is 42502127 composite?
False
Is 18596625479 a composite number?
True
Is 192341444311 a composite number?
False
Is 468520681 prime?
False
Is 1771369777 a composite number?
True
Is 42485046269 a prime number?
True
Is 8559208109 a composite number?
True
Is 2003995659 a prime number?
False
Is 6449400593 a prime number?
True
Is 58391049323 a prime number?
True
Is 58328213 a prime number?
False
Is 607932293 a composite number?
True
Is 2895425381 prime?
True
Is 463858201 a prime number?
True
Is 34787175169 prime?
True
Is 1794646219 a composite number?
True
Is 6132263503 a prime number?
True
Is 3131549 a composite number?
False
Is 299127323 prime?
False
Is 3665076977 composite?
False
Is 549008233 a composite number?
True
Is 2277680381 composite?
True
Is 11432042077 a prime number?
True
Is 19830690331 composite?
False
Is 110109798671 prime?
True
Is 54398480189 a prime number?
True
Is 532594697 composite?
False
Is 1471900741 composite?
True
Is 20424199879 prime?
False
Is 722431573 prime?
True
Is 230382497 composite?
False
Is 142279927 a prime number?
False
Is 31748822243 composite?
True
Is 101747606529 prime?
False
Is 658732693 composite?
False
Is 386995793 a prime number?
False
Is 9390551117 composite?
True
Is 2444405771 a composite number?
False
Is 31590269063 prime?
True
Is 8506748189 a prime number?
True
Is 50655239153 a prime number?
False
Is 257682805 prime?
False
Is 112955723947 a composite number?
True
Is 16725173369 a prime number?
True
Is 132898907 a prime number?
True
Is 1332854141 composite?
True
Is 675274957 a composite number?
True
Is 207683570911 composite?
False
Is 19123833787 a prime number?
True
Is 25689750883 a prime number?
False
Is 6208753679 prime?
True
Is 800527991 composite?
True
Is 732033443 composite?
True
Is 62937205 prime?
False
Is 1528556063 a prime number?
True
Is 317609333 composite?
True
Is 64331731 a prime number?
True
Is 118680101 prime?
False
Is 2841241879 prime?
False
Is 721615663 composite?
False
Is 70446612403 a composite number?
False
Is 2860193423 a prime number?
True
Is 17224674877 prime?
False
Is 753966973 a composite number?
False
Is 3325532429 prime?
False
Is 20592504505 a prime number?
False
Is 129904534699 a composite number?
False
Is 14499487729 prime?
True
Is 2557444259 a prime number?
False
Is 75961803563 prime?
True
Is 1786236391 a prime number?
True
Is 4516799179 a prime number?
False
Is 1004424913 a prime number?
True
Is 1141085089 prime?
True
Is 77532029 a prime number?
True
Is 11907531071 a prime number?
False
Is 133896431453 a composite number?
False
Is 643358237 prime?
False
Is 5664205177 a prime number?
False
Is 33581141117 prime?
True
Is 2177458999 a composite number?
False
Is 4104108947 a prime number?
False
Is 1533956647 composite?
False
Is 25794100317 a prime number?
False
Is 3510995351 a composite number?
True
Is 2702291329 a prime number?
False
Is 7821113723 a composite number?
True
Is 100565449 a composite number?
False
Is 19109891291 composite?
False
Is 1307299241 prime?
False
Is 18712496059 a composite number?
False
Is 69720255331 a composite number?
False
Is 413671763 a composite number?
False
Is 494790769 a prime number?
False
Is 94982833258 composite?
True
Is 2638815071 a composite number?
False
Is 4471281938 composite?
True
Is 2245199654 a prime number?
False
Is 17479638689 composite?
True
Is 178276659161 composite?
False
Is 85944233 a composite number?
True
Is 18123603607 composite?
True
Is 497379293 a prime number?
True
Is 366474531 a composite number?
True
Is 2281088183 composite?
True
Is 414146663 a prime number?
False
Is 20587416637 a composite number?
False
Is 4808218997 a prime number?
False
Is 409530127 a composite number?
True
Is 162047641803 a composite number?
True
Is 6878828171 a prime number?
True
Is 89910234574 prime?
False
Is 12017846273 prime?
True
Is 1207148387 a prime number?
True
Is 7749795377 a composite number?
False
Is 1862108119 prime?
False
Is 292040339 prime?
True
Is 3805902509 a prime number?
False
Is 1436144701 prime?
True
Is 17604805297 prime?
True
Is 4726881443 a prime number?
True
Is 21429370829 prime?
True
Is 1266210143 a prime number?
False
Is 5110559669 a composite number?
True
Is 6123399239